41 composite?
False
Is 8324017567 a composite number?
False
Is 3621940523 a composite number?
True
Is 577316933 a composite number?
True
Is 3029223454 composite?
True
Is 355646251 a composite number?
True
Is 27308137273 a prime number?
True
Is 4397802602 a composite number?
True
Is 7274873491 a prime number?
True
Is 5378973697 a composite number?
False
Is 2246777147 a prime number?
False
Is 983315063 prime?
False
Is 562221421 a composite number?
False
Is 92300653 prime?
True
Is 1021458143 composite?
False
Is 2610990731 composite?
True
Is 222664931 composite?
False
Is 241446503 prime?
True
Is 1031439193 composite?
False
Is 1116533647 composite?
False
Is 15772505467 composite?
False
Is 30159407 composite?
True
Is 1854597229 a prime number?
True
Is 564009137 a composite number?
True
Is 314059087 prime?
True
Is 1335343481 prime?
False
Is 14046545047 a composite number?
False
Is 2144866991 a prime number?
False
Is 724426691 a prime number?
True
Is 254915441 a prime number?
False
Is 2313833789 a composite number?
False
Is 169362113 a prime number?
True
Is 3193140998 composite?
True
Is 76783967969 prime?
True
Is 20950219915 composite?
True
Is 1054363901 a composite number?
False
Is 184349355403 composite?
False
Is 17571736327 a composite number?
True
Is 108707514079 composite?
True
Is 61678137299 a prime number?
False
Is 463436633 prime?
False
Is 68200797167 prime?
True
Is 9184796893 composite?
False
Is 220220173 a composite number?
True
Is 14360526613 prime?
False
Is 35311522 a prime number?
False
Is 13578385295 a composite number?
True
Is 9244675189 a prime number?
True
Is 42030165731 prime?
False
Is 3259218167 a composite number?
True
Is 756605867 composite?
False
Is 491964409 prime?
True
Is 347092506667 prime?
False
Is 748810393 composite?
False
Is 707203891 a prime number?
True
Is 217220739289 prime?
False
Is 53473115077 prime?
True
Is 5080532761 a prime number?
True
Is 1394082817 prime?
False
Is 2455700539 prime?
True
Is 37369692919 a composite number?
True
Is 27942546809 a composite number?
False
Is 1367550319 prime?
True
Is 505537829 prime?
True
Is 706064749 a composite number?
True
Is 2868806002 composite?
True
Is 5654061277 prime?
True
Is 10183453361 a prime number?
True
Is 1303442801 prime?
True
Is 301417351 composite?
True
Is 1358319962 a composite number?
True
Is 114298003535 composite?
True
Is 1208990351 a prime number?
True
Is 271877953381 a prime number?
True
Is 28890868271 prime?
True
Is 8930889109 a prime number?
False
Is 25327036039 prime?
True
Is 921176203 composite?
True
Is 4064819263 prime?
True
Is 8135233 a prime number?
False
Is 4344411667 prime?
False
Is 69360298283 prime?
True
Is 6067040237 a composite number?
True
Is 1049915921 a prime number?
False
Is 1898401697 a prime number?
True
Is 208308431 a prime number?
True
Is 62934626477 a composite number?
True
Is 3501476387 composite?
True
Is 2404732503 a composite number?
True
Is 1853086507 prime?
False
Is 719236991 composite?
True
Is 10779606151 composite?
True
Is 98234117 composite?
False
Is 77416711 a composite number?
False
Is 28733449241 composite?
True
Is 2037876223 composite?
False
Is 21692715157 a prime number?
False
Is 3319399967 prime?
False
Is 9554113171 a prime number?
True
Is 1244448089 prime?
True
Is 178591141 a prime number?
False
Is 474209473 composite?
False
Is 53500229303 prime?
True
Is 276748853 a composite number?
False
Is 1047390103 composite?
False
Is 44572963361 a prime number?
True
Is 1362298549 a composite number?
False
Is 27763220923 a prime number?
True
Is 231140431 a composite number?
True
Is 5952641711 composite?
False
Is 9764093617 a composite number?
True
Is 2579632967 a composite number?
True
Is 56460901339 a composite number?
False
Is 679924997 a composite number?
True
Is 150451458681 a prime number?
False
Is 6499542793 a composite number?
True
Is 32976059 composite?
False
Is 136085239111 composite?
False
Is 5738863397 a prime number?
True
Is 2511277235 prime?
False
Is 23702752399 a prime number?
True
Is 87078364319 composite?
True
Is 20844362479 prime?
True
Is 23659594873 a composite number?
False
Is 5215700335 prime?
False
Is 6337279009 composite?
False
Is 6902691437 a composite number?
True
Is 30031293533 a composite number?
True
Is 45088009 a prime number?
True
Is 21160001867 a prime number?
True
Is 1173895921 a prime number?
False
Is 24867613 a prime number?
True
Is 495898699 prime?
False
Is 119987477 prime?
False
Is 433149614 composite?
True
Is 941742437 prime?
False
Is 374426623 a composite number?
False
Is 79752302689 a prime number?
True
Is 4031559229 a prime number?
True
Is 1268046121 composite?
False
Is 1280846533 a composite number?
False
Is 3321757157 prime?
True
Is 399092747 composite?
False
Is 36087347 composite?
False
Is 115618481819 a prime number?
True
Is 5577300401 prime?
True
Is 279241451 a prime number?
True
Is 394738577 a prime number?
False
Is 16241925871 a prime number?
False
Is 549159642527 a composite number?
False
Is 5024434253 a composite number?
False
Is 1189993111 a composite number?
True
Is 830180779 a composite number?
True
Is 6276769879 a composite number?
True
Is 565515493 a composite number?
False
Is 21364177157 a composite number?
False
Is 15845404177 composite?
False
Is 65582663 a composite number?
False
Is 1145874739 a composite number?
False
Is 26864273 composite?
False
Is 71263281823 composite?
False
Is 255501328471 a composite number?
True
Is 107888495089 composite?
False
Is 202643495 a composite number?
True
Is 140532447301 a prime number?
True
Is 1287774511 composite?
False
Is 953924987 prime?
True
Is 20363288293 prime?
True
Is 18909006703 a prime number?
False
Is 1513749719 composite?
False
Is 4397912945 composite?
True
Is 124302813 composite?
True
Is 9194381633 a prime number?
False
Is 12981823633 prime?
False
Is 48864919471 composite?
True
Is 1299551537 a composite number?
False
Is 11673232271 prime?
True
Is 7311265813 prime?
True
Is 494085539 a composite number?
False
Is 2915983237 a prime number?
True
Is 14162484527 a composite number?
True
Is 2549814481 composite?
False
Is 33878370041 a prime number?
True
Is 278952537467 a composite number?
False
Is 4518772681 prime?
True
Is 524131817 a prime number?
False
Is 83051872837 prime?
True
Is 2024017663 composite?
False
Is 756064193 prime?
True
Is 160597051 a prime number?
False
Is 1407046961 composite?
False
Is 12464209103 a composite number?
False
Is 37760888941 composite?
True
Is 9876838843 a composite number?
True
Is 6451385371 composite?
True
Is 395779453 a composite number?
False
Is 92115417917 composite?
False
Is 721807897 a prime number?
False
Is 406918673 prime?
False
Is 607411724935 prime?
False
Is 2782284539 a composite number?
True
Is 429377983 a composite number?
True
Is 78492377 a prime number?
False
Is 36338511749 a composite number?
True
Is 39258641 prime?
False
Is 9616373909 composite?
False
Is 465325457 a prime number?
True
Is 1696777889 prime?
True
Is 11008463659 prime?
False
Is 300272790139 a prime number?
False
Is 703756927 composite?
False
Is 3069472597 prime?
True
Is 1287654481 prime?
True
Is 744354719 prime?
False
Is 1672999883 a composite number?
False
Is 852772709 prime?
True
Is 49322444663 composite?
False
Is 27526466377 prime?
True
Is 116365855891 composite?
True
Is 21275890943 prime?
False
Is 14517881927 a composite number?
False
Is 158796697639 a prime number?
True
Is 54765076481 composite?
False
Is 2253395741 a prime number?
True
Is 2431804913 a composite number?
False
Is 11201666897 a prime number?
False
Is 726891947 composite?
True
Is 1216394873 a composite number?
False
Is 1250771231 a composite number?
False
Is 19925409761 composite?
False
Is 78060106511 prime?
False
Is 840994919 a prime number?
True
Is 138562099 a prime number?
False
Is 679543 a composite number?
True
Is 20188873207 prime?
True
Is 16435793113 a composite number?
True
Is 427179593 a prime number?
True
Is 8372831161 a prime number?
False
Is 1313769055 a composite number?
True
Is 4294266917 a composite number?
False
Is 1506635809 a composite number?
True
Is 185476394487 a prime number?
False
Is 7776650131 composite?
False
Is 331723128103 prime?
True
Is 13132474337 composite?
False
Is 2682557569 prime?
True
Is 28785203011 a composite number?
False
Is